[INFO] fetching crate incremental 0.1.2...
[INFO] checking incremental-0.1.2 against master#9610dfe5a9a731ced1ea4923ecbd0c57fe367898 for beta-170-4
[INFO] extracting crate incremental 0.1.2 into /workspace/builds/worker-0-tc1/source
[INFO] validating manifest of crates.io crate incremental 0.1.2 on toolchain 9610dfe5a9a731ced1ea4923ecbd0c57fe367898
[INFO] running `Command { std: CARGO_HOME="/workspace/cargo-home" RUSTUP_HOME="/workspace/rustup-home" "/workspace/cargo-home/bin/cargo" "+9610dfe5a9a731ced1ea4923ecbd0c57fe367898" "metadata" "--manifest-path" "Cargo.toml" "--no-deps", kill_on_drop: false }`
[INFO] started tweaking crates.io crate incremental 0.1.2
[INFO] finished tweaking crates.io crate incremental 0.1.2
[INFO] tweaked toml for crates.io crate incremental 0.1.2 written to /workspace/builds/worker-0-tc1/source/Cargo.toml
[INFO] crate crates.io crate incremental 0.1.2 already has a lockfile, it will not be regenerated
[INFO] running `Command { std: CARGO_HOME="/workspace/cargo-home" RUSTUP_HOME="/workspace/rustup-home" "/workspace/cargo-home/bin/cargo" "+9610dfe5a9a731ced1ea4923ecbd0c57fe367898" "fetch" "--manifest-path" "Cargo.toml", kill_on_drop: false }`
[INFO] [stderr]     Updating crates.io index
[INFO] [stderr]  Downloading crates ...
[INFO] [stderr]   Downloaded refl v0.2.1
[INFO] [stderr]   Downloaded test-log v0.2.11
[INFO] running `Command { std: "docker" "create" "-v" "/var/lib/crater-agent-workspace/builds/worker-0-tc1/target:/opt/rustwide/target:rw,Z" "-v" "/var/lib/crater-agent-workspace/builds/worker-0-tc1/source:/opt/rustwide/workdir:ro,Z" "-v" "/var/lib/crater-agent-workspace/cargo-home:/opt/rustwide/cargo-home:ro,Z" "-v" "/var/lib/crater-agent-workspace/rustup-home:/opt/rustwide/rustup-home:ro,Z" "-e" "SOURCE_DIR=/opt/rustwide/workdir" "-e" "CARGO_TARGET_DIR=/opt/rustwide/target" "-e" "CARGO_HOME=/opt/rustwide/cargo-home" "-e" "RUSTUP_HOME=/opt/rustwide/rustup-home" "-w" "/opt/rustwide/workdir" "-m" "1610612736" "--user" "0:0" "--network" "none" "ghcr.io/rust-lang/crates-build-env/linux@sha256:19e73879b68f455e41552ea35293514db52ea292d993f571636dbffedb77a1ee" "/opt/rustwide/cargo-home/bin/cargo" "+9610dfe5a9a731ced1ea4923ecbd0c57fe367898" "metadata" "--no-deps" "--format-version=1", kill_on_drop: false }`
[INFO] [stdout] 21b93a8900c8fffa0b2fd1dc076514bbbd8b86d445a7f7e3d0960982167fa3c3
[INFO] running `Command { std: "docker" "start" "-a" "21b93a8900c8fffa0b2fd1dc076514bbbd8b86d445a7f7e3d0960982167fa3c3", kill_on_drop: false }`
[INFO] running `Command { std: "docker" "inspect" "21b93a8900c8fffa0b2fd1dc076514bbbd8b86d445a7f7e3d0960982167fa3c3", kill_on_drop: false }`
[INFO] running `Command { std: "docker" "rm" "-f" "21b93a8900c8fffa0b2fd1dc076514bbbd8b86d445a7f7e3d0960982167fa3c3", kill_on_drop: false }`
[INFO] [stdout] 21b93a8900c8fffa0b2fd1dc076514bbbd8b86d445a7f7e3d0960982167fa3c3
[INFO] running `Command { std: "docker" "create" "-v" "/var/lib/crater-agent-workspace/builds/worker-0-tc1/target:/opt/rustwide/target:rw,Z" "-v" "/var/lib/crater-agent-workspace/builds/worker-0-tc1/source:/opt/rustwide/workdir:ro,Z" "-v" "/var/lib/crater-agent-workspace/cargo-home:/opt/rustwide/cargo-home:ro,Z" "-v" "/var/lib/crater-agent-workspace/rustup-home:/opt/rustwide/rustup-home:ro,Z" "-e" "SOURCE_DIR=/opt/rustwide/workdir" "-e" "CARGO_TARGET_DIR=/opt/rustwide/target" "-e" "CARGO_INCREMENTAL=0" "-e" "RUST_BACKTRACE=full" "-e" "RUSTFLAGS=--cap-lints=forbid" "-e" "RUSTDOCFLAGS=--cap-lints=forbid" "-e" "CARGO_HOME=/opt/rustwide/cargo-home" "-e" "RUSTUP_HOME=/opt/rustwide/rustup-home" "-w" "/opt/rustwide/workdir" "-m" "1610612736" "--user" "0:0" "--network" "none" "ghcr.io/rust-lang/crates-build-env/linux@sha256:19e73879b68f455e41552ea35293514db52ea292d993f571636dbffedb77a1ee" "/opt/rustwide/cargo-home/bin/cargo" "+9610dfe5a9a731ced1ea4923ecbd0c57fe367898" "check" "--frozen" "--all" "--all-targets" "--message-format=json", kill_on_drop: false }`
[INFO] [stdout] 4a7cbdb379cf6eba0d31fe6b7a86289ad5cc80c45bc78d7342d3e0191eb7d2b9
[INFO] running `Command { std: "docker" "start" "-a" "4a7cbdb379cf6eba0d31fe6b7a86289ad5cc80c45bc78d7342d3e0191eb7d2b9", kill_on_drop: false }`
[INFO] [stderr]    Compiling proc-macro2 v1.0.56
[INFO] [stderr]    Compiling unicode-ident v1.0.8
[INFO] [stderr]    Compiling quote v1.0.26
[INFO] [stderr]    Compiling libc v0.2.142
[INFO] [stderr]    Compiling serde_derive v1.0.160
[INFO] [stderr]    Compiling serde v1.0.160
[INFO] [stderr]     Checking once_cell v1.17.1
[INFO] [stderr]     Checking regex-syntax v0.7.1
[INFO] [stderr]     Checking regex-syntax v0.6.29
[INFO] [stderr]     Checking tracing-core v0.1.30
[INFO] [stderr]     Checking os_str_bytes v6.5.0
[INFO] [stderr]     Checking plotters-backend v0.3.4
[INFO] [stderr]     Checking ciborium-io v0.2.0
[INFO] [stderr]     Checking half v1.8.2
[INFO] [stderr]    Compiling im-rc v15.1.0
[INFO] [stderr]     Checking clap_lex v0.2.4
[INFO] [stderr]     Checking plotters-svg v0.3.3
[INFO] [stderr]     Checking bitmaps v2.1.0
[INFO] [stderr]     Checking ciborium-ll v0.2.0
[INFO] [stderr]     Checking cast v0.3.0
[INFO] [stderr]     Checking textwrap v0.16.0
[INFO] [stderr]     Checking criterion-plot v0.5.0
[INFO] [stderr]     Checking getrandom v0.2.9
[INFO] [stderr]     Checking num_cpus v1.15.0
[INFO] [stderr]    Compiling syn v2.0.15
[INFO] [stderr]     Checking rand_core v0.6.4
[INFO] [stderr]     Checking rayon-core v1.11.0
[INFO] [stderr]    Compiling syn v1.0.109
[INFO] [stderr]     Checking regex v1.8.1
[INFO] [stderr]     Checking rand_xoshiro v0.6.0
[INFO] [stderr]     Checking rand_chacha v0.3.1
[INFO] [stderr]     Checking sized-chunks v0.6.5
[INFO] [stderr]     Checking clap v3.2.25
[INFO] [stderr]     Checking atty v0.2.14
[INFO] [stderr]     Checking tracing-log v0.1.3
[INFO] [stderr]     Checking rayon v1.7.0
[INFO] [stderr]     Checking plotters v0.3.4
[INFO] [stderr]     Checking thread_local v1.1.7
[INFO] [stderr]     Checking regex-automata v0.1.10
[INFO] [stderr]     Checking sharded-slab v0.1.4
[INFO] [stderr]     Checking oorandom v11.1.3
[INFO] [stderr]     Checking anes v0.1.6
[INFO] [stderr]     Checking refl v0.2.1
[INFO] [stderr]     Checking matchers v0.1.0
[INFO] [stderr]     Checking rand v0.8.5
[INFO] [stderr]    Compiling tracing-attributes v0.1.24
[INFO] [stderr]    Compiling test-log v0.2.11
[INFO] [stderr]     Checking tracing v0.1.37
[INFO] [stderr]     Checking tracing-subscriber v0.3.17
[INFO] [stderr]     Checking incremental v0.1.2 (/opt/rustwide/workdir)
[INFO] [stderr]     Checking serde_json v1.0.96
[INFO] [stderr]     Checking ciborium v0.2.0
[INFO] [stderr]     Checking tinytemplate v1.2.1
[INFO] [stderr]     Checking criterion v0.4.0
[INFO] [stdout] error[E0433]: failed to resolve: use of undeclared crate or module `incremental_map`
[INFO] [stdout]  --> benches/shares_per_symbol.rs:5:5
[INFO] [stdout]   |
[INFO] [stdout] 5 | use incremental_map::im_rc::IncrOrdMap;
[INFO] [stdout]   |     ^^^^^^^^^^^^^^^ use of undeclared crate or module `incremental_map`
[INFO] [stdout]   |
[INFO] [stdout] help: there is a crate or module with a similar name
[INFO] [stdout]   |
[INFO] [stdout] 5 | use incremental::im_rc::IncrOrdMap;
[INFO] [stdout]   |     ~~~~~~~~~~~
[INFO] [stdout] 
[INFO] [stdout] 
[INFO] [stdout] error[E0432]: unresolved import `incremental_map`
[INFO] [stdout]  --> benches/shares_per_symbol.rs:6:5
[INFO] [stdout]   |
[INFO] [stdout] 6 | use incremental_map::Symmetric;
[INFO] [stdout]   |     ^^^^^^^^^^^^^^^ use of undeclared crate or module `incremental_map`
[INFO] [stdout]   |
[INFO] [stdout] help: there is a crate or module with a similar name
[INFO] [stdout]   |
[INFO] [stdout] 6 | use incremental::Symmetric;
[INFO] [stdout]   |     ~~~~~~~~~~~
[INFO] [stdout] 
[INFO] [stdout] 
[INFO] [stdout] warning: calls to `std::mem::drop` with a value that implements `Copy` does nothing
[INFO] [stdout]    --> benches/linear.rs:107:17
[INFO] [stdout]     |
[INFO] [stdout] 107 |                 drop(obs.value());
[INFO] [stdout]     |                 ^^^^^-----------^
[INFO] [stdout]     |                      |
[INFO] [stdout]     |                      argument has type `u64`
[INFO] [stdout]     |
[INFO] [stdout]     = note: use `let _ = ...` to ignore the expression or result
[INFO] [stdout]     = note: `#[warn(dropping_copy_types)]` on by default
[INFO] [stdout] 
[INFO] [stdout] 
[INFO] [stdout] warning: calls to `std::mem::drop` with a value that implements `Copy` does nothing
[INFO] [stdout]    --> benches/linear.rs:119:13
[INFO] [stdout]     |
[INFO] [stdout] 119 |             drop(obs.value());
[INFO] [stdout]     |             ^^^^^-----------^
[INFO] [stdout]     |                  |
[INFO] [stdout]     |                  argument has type `u64`
[INFO] [stdout]     |
[INFO] [stdout]     = note: use `let _ = ...` to ignore the expression or result
[INFO] [stdout] 
[INFO] [stdout] 
[INFO] [stdout] warning: 2 warnings emitted
[INFO] [stdout] 
[INFO] [stdout] 
[INFO] [stdout] error[E0599]: no method named `incr_unordered_fold` found for struct `Incr` in the current scope
[INFO] [stdout]   --> benches/shares_per_symbol.rs:66:23
[INFO] [stdout]    |
[INFO] [stdout] 66 |     let indexed = map.incr_unordered_fold(OrdMap::new(), add, remove, false);
[INFO] [stdout]    |                       ^^^^^^^^^^^^^^^^^^^ method not found in `Incr<OrdMap<KInner, V>>`
[INFO] [stdout] 
[INFO] [stdout] 
[INFO] [stdout] error[E0599]: no method named `incr_unordered_fold` found for struct `Incr` in the current scope
[INFO] [stdout]    --> benches/shares_per_symbol.rs:137:12
[INFO] [stdout]     |
[INFO] [stdout] 137 |     orders.incr_unordered_fold(
[INFO] [stdout]     |     -------^^^^^^^^^^^^^^^^^^^ method not found in `Incr<OrdMap<u32, Order>>`
[INFO] [stdout] 
[INFO] [stdout] 
[INFO] [stdout] error[E0599]: no method named `incr_mapi_` found for struct `Incr` in the current scope
[INFO] [stdout]    --> benches/shares_per_symbol.rs:148:10
[INFO] [stdout]     |
[INFO] [stdout] 146 | /     orders
[INFO] [stdout] 147 | |         .pipe1(index_by, |x| x.sym)
[INFO] [stdout] 148 | |         .incr_mapi_(|_k, v| shares(v))
[INFO] [stdout]     | |         -^^^^^^^^^^ method not found in `Incr<OrdMap<u32, OrdMap<u32, Order>>>`
[INFO] [stdout]     | |_________|
[INFO] [stdout]     | 
[INFO] [stdout] 
[INFO] [stdout] 
[INFO] [stdout] error[E0599]: no method named `incr_unordered_fold` found for struct `Incr` in the current scope
[INFO] [stdout]    --> benches/shares_per_symbol.rs:167:12
[INFO] [stdout]     |
[INFO] [stdout] 167 |     orders.incr_unordered_fold(
[INFO] [stdout]     |     -------^^^^^^^^^^^^^^^^^^^ method not found in `Incr<OrdMap<u32, Order>>`
[INFO] [stdout] 
[INFO] [stdout] 
[INFO] [stdout] error: aborting due to 6 previous errors
[INFO] [stdout] 
[INFO] [stdout] 
[INFO] [stdout] Some errors have detailed explanations: E0432, E0433, E0599.
[INFO] [stdout] 
[INFO] [stdout] For more information about an error, try `rustc --explain E0432`.
[INFO] [stdout] 
[INFO] [stderr] error: could not compile `incremental` (bench "shares_per_symbol") due to 7 previous errors
[INFO] [stderr] warning: build failed, waiting for other jobs to finish...
[INFO] running `Command { std: "docker" "inspect" "4a7cbdb379cf6eba0d31fe6b7a86289ad5cc80c45bc78d7342d3e0191eb7d2b9", kill_on_drop: false }`
[INFO] running `Command { std: "docker" "rm" "-f" "4a7cbdb379cf6eba0d31fe6b7a86289ad5cc80c45bc78d7342d3e0191eb7d2b9", kill_on_drop: false }`
[INFO] [stdout] 4a7cbdb379cf6eba0d31fe6b7a86289ad5cc80c45bc78d7342d3e0191eb7d2b9
